 = -2*k**2 - 264*k + 4964. Give p(-149).
-102
Let n(v) = -v**2 + 803*v - 27799. What is n(36)?
-187
Let w(u) = -12260*u + 1581565. What is w(129)?
25
Let n(g) = -g**3 - 743*g**2 + 9786*g + 24. Calculate n(13).
-522
Let g(b) = 6*b**3 + 83*b**2 - 14*b - 73. What is g(-15)?
-1438
Let a(p) = -55784*p + 2566087. Give a(46).
23
Let x(c) = -5500*c + 225517. Calculate x(41).
17
Let p(o) = 4876*o + 161066. Give p(-33).
158
Let z(y) = -2*y**3 + 51*y**2 + 10*y + 213. Give z(25).
1088
Let b(w) = 63*w**3 + 3*w**2. Calculate b(1).
66
Let x(b) = b**3 + 114*b**2 + 1238*b + 127119. Give x(-113).
-6
Let n(q) = 22*q**3 - 3*q**2 + 17*q - 22. Calculate n(3).
596
Let q(m) = -1459*m - 6854. What is q(-5)?
441
Let f(p) = 3*p**3 - 77*p**2 + 348*p - 90. Give f(20).
70
Let t(m) = -4350*m + 326248. Determine t(75).
-2
Let m(x) = 140690*x + 562630. Determine m(-4).
-130
Let v(y) = 27*y**3 + 428*y**2 - 81*y - 302. Calculate v(-16).
-30
Let z(b) = b**3 + 31*b**2 + 75*b + 164. Calculate z(-24).
2396
Let k(m) = 66*m**2 + 214*m - 320. Give k(-5).
260
Let b(q) = -2794*q - 20938. Give b(-7).
-1380
Let v(b) = 12*b**2 + 5130*b - 10266. Give v(2).
42
Let u(d) = -40301*d - 443484. Calculate u(-11).
-173
Let v(d) = 59590*d - 59655. Calculate v(1).
-65
Let y(j) = j**3 + 11*j**2 - 98*j + 120. Calculate y(5).
30
Let b(p) = p**2 - 1114*p + 55241. Determine b(52).
17
Let i(r) = 13*r**2 + 1058*r + 15963. Give i(-20).
3
Let k(q) = 19*q**2 + 1020*q + 2036. What is k(-2)?
72
Let r(k) = -3*k**3 + 397*k**2 + 258*k + 1106. Give r(133).
42
Let j(z) = -70*z - 4916. Determine j(-70).
-16
Let m(c) = -18*c**2 - 9582*c - 106241. What is m(-521)?
43
Let q(g) = -1993*g + 105606. Calculate q(53).
-23
Let i(d) = -9092*d - 72707. Give i(-8).
29
Let v(x) = 2*x**3 - 101*x**2 + 291*x - 2443. Give v(48).
5
Let b(i) = -1084*i**2 + 3142*i + 331. What is b(3)?
1
Let r(p) = -8*p**2 - 1097*p + 1987. Determine r(-139).
-98
Let p(s) = s**2 - 9321*s - 2787184. Give p(-290).
6
Let z(t) = 58*t**2 - 264*t - 781. What is z(-3)?
533
Let c(a) = 520*a - 31744. Determine c(61).
-24
Let s(a) = 98*a**2 - 19752*a - 19749. Determine s(-1).
101
Let t(z) = 2*z**3 + 6*z**2 - 581*z - 4159. Give t(-13).
14
Let d(m) = m**3 - 31*m**2 - 70*m - 180. What is d(34)?
908
Let v(h) = 497*h + 10461. Calculate v(-22).
-473
Let b(h) = 232*h**2 - 2670*h + 29. Determine b(11).
-1269
Let w(g) = 693*g**2 + 6*g - 99. Determine w(0).
-99
Let j(b) = -4*b**3 - 38452*b**2 + 269357*b + 18. Calculate j(7).
-3
Let o(h) = 18*h**3 + 1133*h**2 - 55*h + 494. Determine o(-63).
-10
Let h(p) = 17434*p + 139275. Determine h(-8).
-197
Let b(v) = -2*v**3 + 18*v**2 + 340*v + 121. What is b(-9)?
-23
Let c(g) = 3*g**3 - 10*g**2 + 45*g - 83. Calculate c(2).
-9
Let x(k) = -k**3 + 63*k**2 - 275*k + 9399. Give x(59).
7098
Let v(p) = -3*p**3 - 7*p**2 + 5827*p - 5821. Determine v(1).
-4
Let d(s) = 8*s**3 - 9*s**2 - 704*s + 2130. What is d(3)?
153
Let p(l) = -2987*l + 152585. Give p(51).
248
Let y(g) = g**3 + 22*g**2 + 59*g + 134. Determine y(-16).
726
Let s(c) = 224*c**3 + 8*c**2 + 5*c + 5. Determine s(-1).
-216
Let l(t) = -18*t**2 - t + 185. Determine l(-3).
26
Let i(a) = -1368*a**3 + 3*a**2 - 661*a - 661. Give i(-1).
1371
Let j(r) = r**3 + 200*r**2 + 6750*r + 60. Give j(-157).
217
Let y(x) = -x**2 - 849*x + 155530. Give y(155).
-90
Let n(a) = 1647*a**2 - 8199*a - 170. Give n(5).
10
Let m(g) = -1270107*g + 2540212. What is m(2)?
-2
Let i(k) = k**3 - 110*k**2 + 408*k + 1837. Determine i(106).
141
Let v(o) = 4038880*o - 24233305. Give v(6).
-25
Let a(b) = 211*b + 22875. Determine a(-83).
5362
Let x(q) = -384*q - 2692. Give x(-9).
764
Let u(j) = -2852*j - 46932. What is u(-16)?
-1300
Let a(r) = r**3 - 6*r**2 - r + 24. What is a(5)?
-6
Let r(f) = 810*f + 3192. Calculate r(-3).
762
Let j(z) = -296*z**2 - 4139*z + 76. Calculate j(-14).
6
Let z(h) = -2*h**3 + 7*h**2 + 501*h - 2899. What is z(14)?
-1
Let t(b) = -2*b**3 - 140*b**2 + 140*b - 631. What is t(-71)?
-489
Let c(m) = m**3 + 291*m**2 + 850*m + 162360. What is c(-290)?
-40
Let t(d) = d**3 + 3*d**2 - 26*d + 281. Determine t(0).
281
Let v(j) = -j**3 + 9*j**2 + 531*j + 29. What is v(28)?
1
Let d(l) = l**2 - 56*l - 15. Give d(47).
-438
Let f(n) = 364*n - 22926. Give f(63).
6
Let c(x) = -x**2 + 133*x - 2771. Give c(78).
1519
Let c(w) = -w**3 - 10*w**2 + 44*w + 43. Determine c(-5).
-302
Let a(n) = -2*n**3 - 284*n**2 + 570*n - 734. Give a(-144).
130
Let c(j) = 3344*j - 16715. What is c(5)?
5
Let j(a) = 62*a**2 + 9*a - 15. What is j(3)?
570
Let s(k) = -147*k**2 - 777*k - 10. What is s(-5)?
200
Let d(r) = -1234*r - 27891. Calculate d(-21).
-1977
Let v(u) = 13773*u + 537133. Calculate v(-39).
-14
Let v(f) = 83142*f + 415805. Calculate v(-5).
95
Let p(r) = r**2 - 87*r + 833. Calculate p(76).
-3
Let l(q) = 158*q - 22298. Give l(143).
296
Let t(v) = v**2 - 1993*v - 34173. What is t(-17)?
-3
Let s(f) = f**3 + 1300*f**2 - 5228*f + 30. Calculate s(4).
-18
Let v(h) = -1264*h - 1229. Calculate v(-1).
35
Let b(g) = -g**2 - 342*g - 25916. What is b(-110)?
-396
Let j(o) = 14629*o + 497403. Calculate j(-34).
17
Let r(d) = -34621*d + 69234. Calculate r(2).
-8
Let j(p) = -852*p**2 + 1727*p - 7. Give j(2).
39
Let g(r) = -1450*r - 9650. Determine g(-8).
1950
Let p(u) = u**3 - 50*u**2 - 962*u - 3872. What is p(-7)?
69
Let d(b) = -300*b + 70889. Determine d(236).
89
Let k(q) = 1770*q + 1240763. Give k(-701).
-7
Let o(y) = -218*y + 54821. Give o(254).
-551
Let x(t) = -33879*t - 542072. Determine x(-16).
-8
Let i(v) = 2421*v + 12518. Calculate i(-5).
413
Let w(n) = -18*n**2 + 865*n + 48. Determine w(48).
96
Let q(p) = p**3 - 18*p**2 - 26*p - 356. Give q(21).
421
Let s(p) = -1930*p - 2180907. Calculate s(-1130).
-7
Let t(a) = 2214513*a + 24359640. Give t(-11).
-3
Let r(h) = 25*h**2 - 6537*h - 278. Determine r(261).
-3410
Let n(y) = 18975*y - 1062589. Determine n(56).
11
Let s(i) = -30615*i - 81. Determine s(0).
-81
Let a(w) = 506657*w - 6079884. Determine a(12).
0
Let n(c) = -30*c**2 + 1528*c - 90. Calculate n(53).
-3376
Let z(i) = -11374*i + 432197. Determine z(38).
-15
Let g(k) = 2407*k - 16864. Calculate g(7).
-15
Let v(p) = p**2 - 777*p + 20014. Determine v(29).
-1678
Let o(w) = -w**2 + 276*w - 13624. Give o(59).
-821
Let l(n) = -9*n**3 - 64*n**2 + 35*n + 325. What is l(-7)?
31
Let j(f) = 65373*f + 196129. What is j(-3)?
10
Let b(s) = 74326*s - 2006786. Calculate b(27).
16
Let w(p) = p**3 - 87*p**2 - 465*p + 585. Determine w(92).
125
Let g(c) = -1223*c - 9921. What is g(-8)?
-137
Let b(t) = 9*t**2 - 259*t - 105. Determine b(29).
-47
Let q(p) = -4*p**2 + 2963*p - 5936. What is q(2)?
-26
Let q(r) = -r**2 - 229*r - 12175. Determine q(-82).
-121
Let y(z) = 34*z - 1234. Give y(41).
160
Let f(d) = -2*d**2 + 172*d - 2485. Determine f(67).
61
Let n(b) = b**3 + 47*b**2 + 1317*b + 19289. Calculate n(-25).
114
Let d(s) = 269*s - 18738. Give d(80).
2782
Let r(f) = f**3 + 32*f**2 - 8964*f - 36. What is r(-112)?
412
Let r(a) = -a**2 + 67*a - 140. Give r(39).
952
Let x(g) = 3187*g**2 + 38235*g - 102. Calculate x(-12).
6
Let a(g) = -g**2 + 184*g + 37346. What is a(306)?
14
Let l(k) = k**3 - 103*k**2 - 3693*k - 699. Calculate l(-28).
1
Let x(t) = -t**3 - 256*t**2 + 6710*t - 2833. Determine x(-280).
-33
Let f(s) = 26*s**2 + 3502*s + 12381. What is f(-131)?
-195
Let k(v) = -1924*v - 602221. Give k(-313).
-9
Let j(r) = 12*r**2 + 2712*r - 55867. Calculate j(-245).
-7
Let b(w) = 1188*w**3 - 3*w**2 + 23*w - 20. What is b(1)?
1188
Let p(b) = b**2 - 4701*b + 93968. Calculate p(20).
348
Let s(y) = -2*y**2 - 181*y - 2083. Determine s(-80).
-403
Let g(h) = h**3 + 18*h**2 + 319*h + 4695. What is g(-16)?
103
Let v(x) = 106907*x + 320723. What is v(-3)?
2
Let r(y) = 226*y**3 - 323*y**2 + 660*y - 2. Calculate r(2).
1834
Let t(v) = -12*v**3 + 6*v**2 + 21*v + 38. Determine t(-3).
353
Let t(i) = i**2 - 43*i - 14432. Calculate t(-103).
606
Let d(f) = f**3 + 476*f**2 + 920*f - 13278. Calculate d(-474).
-6
Let f(k) = -3*k**2 - 1145*k + 61878. What is f(48)?
6
Let k(q) = -4783*q - 277425. Give k(-58).
-11
Let p(h) = -3*h**2 + 930*h + 119890. What is p(408)?
-62
Let a(y) = -72089*y + 1658046. Calculate a(23).
-1
Let n(q) = -q**3 + 47*q**2 + 728*q - 9255. Calculate n(57).
-249
Let w(l) = l**3 + 453*l**2 - 5584*l - 1320. Determine w(-465).
540
Let j(p) = 4*p**3 + 427*p**2 - 411*p - 32478. 